tors of n(t).
2, 5
Suppose 5*w - 147 = -4*o, 3*o - 2 = 2*w + 114. Suppose -5*y + o = -37. What are the prime factors of y?
3, 5
List the prime factors of ((102/(-9))/(-1))/(2/15).
5, 17
Let w = 6 + 8. Let d = -12 + w. List the prime factors of d.
2
Let k = -11 - -7. Let z = k + 16. What are the prime factors of z?
2, 3
Let x be ((-6)/(-6))/((-2)/(-14)). Suppose 3*t = 2*f - 2*t + x, 2*f + 17 = -5*t. List the prime factors of ((-21)/f)/((-2)/(-4)).
7
Suppose 2*m + 0*x + 3*x = 4, 3*m + x = -8. Let h = -12 + 22. Let u = h + m. List the prime factors of u.
2, 3
Let m(y) be the second derivative of y**5/40 - 2*y**3/3 + 2*y. Let l(h) be the second derivative of m(h). List the prime factors of l(5).
3, 5
Suppose -f + 3*r = -2*f - 1, 2*f - 3 = -5*r. Suppose -10 - f = -2*p. What are the prime factors of p?
2, 3
Let s = 201 - 36. What are the prime factors of s?
3, 5, 11
Suppose -t = 4*w, 4*t + w - 3*w - 18 = 0. Suppose t*p - 56 = -0*p. What are the prime factors of p?
2, 7
Let f be ((-15)/(-6))/((-3)/(-6)). Suppose 5*u + 4*i + 87 = 0, -f*u = -3*i + 20 + 46. List the prime factors of -2 - (-4)/((-12)/u).
3
Let f(g) = 3*g. Let w be f(1). Suppose -a + 5 = o - w*o, -4*o = -5*a + 19. What are the prime factors of a?
3
Suppose -3*v + 0*v - 15 = 0, -50 = -2*i + 2*v. What are the prime factors of i?
2, 5
Suppose -5*o - 6*f + f = 0, 0 = f + 2. Suppose -o*g - 20 = 2. Let l = -1 - g. List the prime factors of l.
2, 5
Suppose -5*k + 3*m = 21, -3*k - 1 = -0*k + 4*m. Let x(d) = d**2 - 2*d - 4. What are the prime factors of x(k)?
11
Suppose 0*v + 5*p - 30 = -5*v, v - 5*p + 12 = 0. Let r = 11 - v. List the prime factors of r.
2
Let h = 79 - 32. What are the prime factors of h?
47
Let x(p) = -p**3 - 7*p**2 - 2*p - 8. Let i be x(-7). Let q(c) = -c**2 + 10*c - 7. List the prime factors of q(i).
17
Let m = -2 + 6. Suppose 5*k + 3*n - 237 = 0, m*n = -2*k + 8 + 98. What are the prime factors of k?
3, 5
Suppose p + 2*s = 102, -77 = -p + 3*s - 0*s. What are the prime factors of p?
2, 23
Suppose -7*f + 2*f + 775 = 0. Let n = f - 105. Suppose 0 = -7*y + 2*y + n. What are the prime factors of y?
2, 5
Let v(b) = -b**3 + 4*b**2 - 2*b - 4. Let j be 4 + -4 - (-6)/2. Let n be v(j). Let x(h) = -4*h + 1. What are the prime factors of x(n)?
5
Let z be (20/12)/(2/6). Let n(h) = 4*h + 4. List the prime factors of n(z).
2, 3
Suppose -a + 121 - 36 = -2*m, -4*a + 3*m = -315. Suppose 0 = -5*d - 2*c + c + a, 3*c = 3*d - 27. List the prime factors of d.
2, 7
Suppose 0*x - 20 = -x. What are the prime factors of x?
2, 5
Suppose -4*v = 6 + 14, 2*h = -2*v. Suppose -h = -5*z, 0 = 4*n - 2*z - 2 - 52. What are the prime factors of n?
2, 7
Let d = 2 + 14. What are the prime factors of d?
2
Let q(p) = p - 2*p - 2*p - 3*p + 4 - p**2. Suppose 0*y + 4*y - 18 = 3*g, -2*g = -y + 12. What are the prime factors of q(g)?
2
Let q be (-28)/2 - (4 + -5). Let z = q + 24. List the prime factors of z.
11
Let s be 4 + -9 + 3 + 65. Suppose 9*y = 6*y + s. List the prime factors of y.
3, 7
Suppose 0 = 5*r - 2*r - 6. Let l = r - -1. What are the prime factors of (-28)/l*(-9)/6?
2, 7
Let n(x) be the second derivative of -2*x + 0 + 1/2*x**2 + 1/3*x**3. What are the prime factors of n(7)?
3, 5
Let r(m) be the second derivative of -7*m**3/6 + m**2/2 + 2*m. Suppose 2*s - 4*z + 6 = 0, 2*s = 5*z - 6 - 1. List the prime factors of r(s).
2
Let y = 10 - 11. Let v(r) = 22*r**2 + 2*r + 1. What are the prime factors of v(y)?
3, 7
Let y(w) = 0 - 2*w - 3*w**2 - 3*w**2 + 2 + w**2. Let x(d) = -d**2 + 1. Let z(b) = 3*x(b) - y(b). What are the prime factors of z(-3)?
13
Let h(n) = -n. Let c be h(-6). Suppose -c*o + 12 = -2*o. Suppose o*x = 7 + 5. What are the prime factors of x?
2
Let y be -15*-4*20/6. What are the prime factors of ((-6)/5)/((-15)/y)?
2
Suppose -5*l = -0*l + 50. Let q = l + 18. What are the prime factors of q?
2
Suppose 0 = 5*k - 11 + 1. Let x be k/3 - 19/(-3). Let n(i) = i**2 - 5*i - 6. What are the prime factors of n(x)?
2
Suppose 3*p - 34 + 7 = 0. Let x = p + -7. Let o = x + 6. What are the prime factors of o?
2
Let z(t) = -5*t**3 + t**2 + t. Let g be z(-1). Suppose -3*f - 3 = 2*o, -5*o + 5 = -g*f - o. What are the prime factors of (f/1)/((-3)/15)?
5
Let b = 7 - 3. Suppose 5*o - 22 = -c, -4*c - 34 = -2*o - 12. Suppose -5*t - 5 = 0, a + b*t - 6 = o*t. List the prime factors of a.
5
Suppose 4*b - 2*b = 72. What are the prime factors of b?
2, 3
Let j = 2 + 1. Suppose 2*c = s - j, 6*s - 3*c = 3*s. What are the prime factors of s - (-14 - (-6)/(-3))?
13
What are the prime factors of 3 - (418 + 2)/(-3)?
11, 13
Suppose -3*c - 3*v + 174 = -15, -c + 59 = -v. List the prime factors of c.
61
Suppose 10*g - 9 = 9*g. List the prime factors of (g/(-6) - -1)*-54.
3
Let k = -19 + 7. What are the prime factors of k*(-2)/(5 + -1)?
2, 3
Suppose 0 = 2*p - 26 - 4. Suppose 2*j - 7 + 1 = 3*n, 5*j - p = 0. Suppose -2*v + 2 + 4 = n. List the prime factors of v.
3
Let w = 4 - 2. Suppose -n + 4*m - 2 = -10, w*m = -2*n + 26. Suppose -2*l = -v + n, 0 = -10*v + 5*v + 2*l + 20. What are the prime factors of v?
2
Let s be ((-300)/(-70))/(2/14). What are the prime factors of 754/s - 2/15?
5
What are the prime factors of 2*26 + (-3)/(12/8)?
2, 5
Suppose -x - 4 = -19. Let h(k) = -k**2 + 14*k + 19. List the prime factors of h(x).
2
Let f(q) = 9*q**3 - 18*q**2 - 17*q + 26. Let x(c) = -4*c**3 + 9*c**2 + 9*c - 13. Let p(z) = 3*f(z) + 7*x(z). List the prime factors of p(10).
7
Suppose -2*h + 6*h - 168 = 0. What are the prime factors of h?
2, 3, 7
Let m = -41 + 76. List the prime factors of m.
5, 7
List the prime factors of 51 + 0 - (-2)/(-2)*-1.
2, 13
Let v(t) = t**3 - 16*t**2 + 5*t - 16. List the prime factors of v(16).
2
Let q(s) = -3*s**3 - 6*s**2 - 6*s - 5. What are the prime factors of q(-2)?
7
Let s = 45 + -7. Suppose 4*a = -z + 6 + s, -4*z + 26 = a. What are the prime factors of a?
2, 5
Let c(j) = 4*j**2 + j - 1. Let x be c(1). Suppose y = x*h + 20 - 53, -3*h + 23 = y. List the prime factors of h.
2
Let s = -10 - -1. List the prime factors of 1 - (s*2 - -2).
17
Let j(r) = 1. Let h(u) = 4*u**2 + u + 5. Let m(v) = h(v) - 5*j(v). Let a(t) = -t - 3. Let o be a(-5). List the prime factors of m(o).
2, 3
Suppose 4*v - 67 = 69. What are the prime factors of v?
2, 17
Let t be (-10)/(-4*(-2)/(-20)). Suppose -4*c - 1 = -t. List the prime factors of c.
2, 3
Let x(i) = -i**3 - 6*i**2 - 5*i + 5. Let g be x(-5). Let j(v) = 2*v - 2. What are the prime factors of j(g)?
2
Let n = -7 - -7. List the prime factors of 4/((-12)/(-81)) + n.
3
Let x(v) = -v**3 - 6*v**2 + 8*v + 9. Let q be x(-7). Let a be 384/8 - (2 + 1). Suppose i - a = -q*i. List the prime factors of i.
3, 5
Let i = -11 + -1. What are the prime factors of (i + 2)/(4 - 6)?
5
Let i(g) = 3*g + 1. Let t be i(1). Suppose -w + 15 = t*w. Suppose -w*a + 4*a - 15 = -m, a = 5*m - 51. List the prime factors of m.
11
Let i be 4 - (1 + (3 - 2)). Suppose i*w - 5 - 7 = 0. Suppose -20 = -3*k + 2*h, -2*k = -4*h + w*h. List the prime factors of k.
2
List the prime factors of 118 + 2 + (5 - 2).
3, 41
Let o = 7 - 13. Suppose -z + 2*r + 9 = -8, 22 = 2*z + 2*r. What are the prime factors of z/2 - (-3)/o?
2, 3
Suppose 0 = -4*a + 62 + 18. What are the prime factors of a?
2, 5
Let d(i) = i**2 + 5*i + 3. List the prime factors of d(-9).
3, 13
What are the prime factors of 0 - ((-26)/2 + -4)?
17
Suppose 0*d + 3*o = -3*d + 21, -5*d - 3*o = -45. Suppose -5*l = -d + 2. What are the prime factors of l?
2
Let g(y) = y**3 - 4*y**2 + 5*y - 3. Let f be g(3). Suppose 15 = f*i, 6*i - i - 55 = -5*t. What are the prime factors of 32/4*t/4?
2, 3
Suppose -h = -5*h + 292. List the prime factors of 2/5 - h/(-5).
3, 5
Suppose -2*o - o = 0. Suppose -2*j + 2*l = -5*j + 56, o = -5*l + 5. Suppose -5*c + s + 38 = -7, -2*c - 2*s + j = 0. List the prime factors of c.
3
Let d(n) = 21*n**3 + 3*n**2 + n - 4. What are the prime factors of d(2)?
2, 89
Let v(w) = -w**3 + 2*w - 1. Let l be v(1). Suppose -j = -l*j - 3. Suppose -n + 2 = -j. List the prime factors of n.
5
Suppose 2*p + 0*p - 72 = 3*z, -5*p - z + 197 = 0. Let n = p + -25. List the prime factors of n.
2, 7
Suppose l = 5*k + 66, -84 = -l - 4*k - 0*k. List the prime factors of l.
2, 19
Let o(q) be the third derivative of -q**6/120 - q**5/10 - 5*q**4/24 - 5*q**3/6 + 2*q**2. What are the prime factors of 